{"id":174,"date":"2026-01-09T16:00:31","date_gmt":"2026-01-09T15:00:31","guid":{"rendered":"https:\/\/lettweiler.de\/?page_id=174"},"modified":"2026-02-28T18:57:15","modified_gmt":"2026-02-28T17:57:15","slug":"gewerbe","status":"publish","type":"page","link":"https:\/\/lettweiler.de\/index.php\/gewerbe\/","title":{"rendered":"Gewerbe"},"content":{"rendered":"\n<div class=\"wp-block-uagb-container uagb-block-59ce1477 alignwide uagb-is-root-container\">\n<div class=\"wp-block-uagb-container uagb-block-95c27f09\">\n<h2 class=\"wp-block-heading has-text-align-center\">Gasthaus zum Dorfkrug<\/h2>\n\n\n\n<p>Genie\u00dfen Sie hier gute b\u00fcrgerliche K\u00fcche in herzlicher Atmosph\u00e4re. Ob deftige Klassiker in der rustikalen Gaststube oder ein k\u00fchles Getr\u00e4nk im idyllischen Biergarten w\u00e4hrend der Sommermonate \u2013 der Dorfkrug ist der Treffpunkt f\u00fcr Genie\u00dfer in unserem Ort.<\/p>\n\n\n\t\t\t<div \n\t\t\tclass=\"wp-block-uagb-google-map uagb-google-map__wrap uagb-block-dabe1f80     \"\n\t\t\tstyle=\"\" >\n\t\t\t\t<embed\n\t\t\t\t\tclass=\"uagb-google-map__iframe\"\n\t\t\t\t\ttitle=\"Google Map for \"\n\t\t\t\t\tsrc=\"https:\/\/maps.google.com\/maps?q=Gasthaus%20zum%20Dorfkrug%2C%20Hauptstra%C3%9Fe%2067%2C%2067823%20Lettweiler&#038;z=17&#038;hl=de&#038;t=m&#038;output=embed&#038;iwloc=near\"\n\t\t\t\t\twidth=\"640\"\n\t\t\t\t\theight=\"227\"\n\t\t\t\t\tloading=\"lazy\"\n\t\t\t\t><\/embed>\n\t\t\t<\/div>\n\t\t\t<\/div>\n\n\n\n<div class=\"wp-block-uagb-container uagb-block-03a7fd80\">\n<h2 class=\"wp-block-heading has-text-align-center\">Neubrech Haustechnik GmbH &amp; Co.KG<\/h2>\n\n\n\n<figure class=\"wp-block-image size-large\"><img decoding=\"async\" width=\"1024\" height=\"307\" data-src=\"https:\/\/lettweiler.de\/wp-content\/uploads\/2026\/01\/logo_header_03-1024x307.png\" alt=\"\" class=\"wp-image-220 lazyload\" data-srcset=\"https:\/\/lettweiler.de\/wp-content\/uploads\/2026\/01\/logo_header_03-1024x307.png 1024w, https:\/\/lettweiler.de\/wp-content\/uploads\/2026\/01\/logo_header_03-300x90.png 300w, https:\/\/lettweiler.de\/wp-content\/uploads\/2026\/01\/logo_header_03-768x230.png 768w, https:\/\/lettweiler.de\/wp-content\/uploads\/2026\/01\/logo_header_03.png 1500w\" data-sizes=\"(max-width: 1024px) 100vw, 1024px\" src=\"data:image\/svg+xml;base64,PHN2ZyB3aWR0aD0iMSIgaGVpZ2h0PSIxIiB4bWxucz0iaHR0cDovL3d3dy53My5vcmcvMjAwMC9zdmciPjwvc3ZnPg==\" style=\"--smush-placeholder-width: 1024px; --smush-placeholder-aspect-ratio: 1024\/307;\" \/><\/figure>\n\n\n\n<p>Neubrech Haustechnik ist ein etablierter Familienbetrieb in Lettweiler, der seit \u00fcber 25 Jahren f\u00fcr Qualit\u00e4t und ganzheitliche L\u00f6sungen rund um das Haus steht. Das Unternehmen bietet ein breites Spektrum an moderner Geb\u00e4udetechnik mit einem starken Fokus auf Energieeffizienz und Nachhaltigkeit. <\/p>\n\n\n\n<p>Zum Betrieb <a href=\"https:\/\/neubrechhaustechnik.de\/\" data-type=\"link\" data-id=\"https:\/\/neubrechhaustechnik.de\/\">Neubrech Haustechnik<\/a><\/p>\n<\/div>\n\n\n\n<div class=\"wp-block-uagb-container uagb-block-112299f5\">\n<h2 class=\"wp-block-heading has-text-align-center\">Neubrech Elektrotechnik<\/h2>\n\n\n\n<figure class=\"wp-block-image size-full is-resized\"><img decoding=\"async\" width=\"310\" height=\"163\" data-src=\"https:\/\/lettweiler.de\/wp-content\/uploads\/2026\/01\/Download.png\" alt=\"\" class=\"wp-image-221 lazyload\" style=\"--smush-placeholder-width: 310px; --smush-placeholder-aspect-ratio: 310\/163;width:310px;height:auto\" data-srcset=\"https:\/\/lettweiler.de\/wp-content\/uploads\/2026\/01\/Download.png 310w, https:\/\/lettweiler.de\/wp-content\/uploads\/2026\/01\/Download-300x158.png 300w\" data-sizes=\"(max-width: 310px) 100vw, 310px\" src=\"data:image\/svg+xml;base64,PHN2ZyB3aWR0aD0iMSIgaGVpZ2h0PSIxIiB4bWxucz0iaHR0cDovL3d3dy53My5vcmcvMjAwMC9zdmciPjwvc3ZnPg==\" \/><\/figure>\n\n\n\n<p>Neubrech Elektrotechnik ist Ihr lokaler Meisterbetrieb in Lettweiler f\u00fcr moderne Elektroinstallationen und innovative Geb\u00e4udetechnik. Das Unternehmen steht f\u00fcr fachgerechte Ausf\u00fchrung, Zuverl\u00e4ssigkeit und zukunftsorientierte L\u00f6sungen rund um Strom und Vernetzung.<\/p>\n\n\n\n<p>Zum Betrieb <a href=\"https:\/\/www.neubrech-elektrotechnik.de\/\" data-type=\"link\" data-id=\"https:\/\/www.neubrech-elektrotechnik.de\/\">Neubrech Elektrotechnik<\/a><\/p>\n<\/div>\n<\/div>\n\n\n\n<div class=\"wp-block-uagb-separator uagb-block-348d95df\"><div class=\"wp-block-uagb-separator__inner\" style=\"--my-background-image:\"><\/div><\/div>\n\n\n\n<div class=\"wp-block-uagb-container uagb-block-1404580d alignwide uagb-is-root-container\">\n<div class=\"wp-block-uagb-container uagb-block-178b2e8c\">\n<h2 class=\"wp-block-heading has-text-align-center\"><strong>Rudolf Schuster KG<\/strong><\/h2>\n\n\n\n<figure class=\"wp-block-image size-full is-resized\"><img decoding=\"async\" width=\"491\" height=\"138\" data-src=\"https:\/\/lettweiler.de\/wp-content\/uploads\/2026\/01\/Download2.png\" alt=\"\" class=\"wp-image-222 lazyload\" style=\"--smush-placeholder-width: 491px; --smush-placeholder-aspect-ratio: 491\/138;aspect-ratio:3.558106169296987;width:342px;height:auto\" data-srcset=\"https:\/\/lettweiler.de\/wp-content\/uploads\/2026\/01\/Download2.png 491w, https:\/\/lettweiler.de\/wp-content\/uploads\/2026\/01\/Download2-300x84.png 300w\" data-sizes=\"(max-width: 491px) 100vw, 491px\" src=\"data:image\/svg+xml;base64,PHN2ZyB3aWR0aD0iMSIgaGVpZ2h0PSIxIiB4bWxucz0iaHR0cDovL3d3dy53My5vcmcvMjAwMC9zdmciPjwvc3ZnPg==\" \/><\/figure>\n\n\n\n<p>Die Rudolf Schuster KG ist ein vielseitiger Meisterbetrieb in Lettweiler, der als kompetenter Partner f\u00fcr die gesamte Haus- und Geb\u00e4udetechnik steht. Mit einem breiten Leistungsspektrum bietet das Unternehmen moderne L\u00f6sungen f\u00fcr Neubauten, Sanierungen und Modernisierungen aus einer Hand.<\/p>\n\n\n\n<p>Z<strong>um Betrieb<\/strong> <a href=\"https:\/\/schuster-gebaeudetechnik.de\/\" data-type=\"link\" data-id=\"https:\/\/www.neubrech-elektrotechnik.de\/\">Schuster Geb\u00e4udetechnik<\/a><\/p>\n<\/div>\n\n\n\n<div class=\"wp-block-uagb-container uagb-block-de5e68bb\">\n<div class=\"wp-block-uagb-advanced-heading uagb-block-03d6b66d\"><h2 class=\"uagb-heading-text\">ZGNHOF<\/h2><\/div>\n\n\n\n<div class=\"wp-block-uagb-image uagb-block-8288606a wp-block-uagb-image--layout-default wp-block-uagb-image--effect-static wp-block-uagb-image--align-none\"><figure class=\"wp-block-uagb-image__figure\"><img decoding=\"async\" data-srcset=\"https:\/\/lettweiler.de\/wp-content\/uploads\/2026\/01\/zgnhof_weiss-1.jpg ,https:\/\/lettweiler.de\/wp-content\/uploads\/2026\/01\/zgnhof_weiss-1.jpg 780w, https:\/\/lettweiler.de\/wp-content\/uploads\/2026\/01\/zgnhof_weiss-1.jpg 360w\" data-sizes=\"auto, (max-width: 480px) 150px\" data-src=\"https:\/\/lettweiler.de\/wp-content\/uploads\/2026\/01\/zgnhof_weiss-1.jpg\" alt=\"\" class=\"uag-image-358 lazyload\" width=\"141\" height=\"142\" title=\"zgnhof_wei\u00df\" role=\"img\" src=\"data:image\/svg+xml;base64,PHN2ZyB3aWR0aD0iMSIgaGVpZ2h0PSIxIiB4bWxucz0iaHR0cDovL3d3dy53My5vcmcvMjAwMC9zdmciPjwvc3ZnPg==\" style=\"--smush-placeholder-width: 141px; --smush-placeholder-aspect-ratio: 141\/142;\" \/><\/figure><\/div>\n\n\n\n<p>Am ZGNHOF wird unter dem Motto &#8222;erleben-genie\u00dfen-verstehen&#8220; Landwirtschaft lebendig.<br><br>Erlebe unsere Tiere rund um Ziegenbock Willi. Genie\u00dfe mit dem Weingutpanscher regionale Weine mit der Geschichte vom ZGNHOF und erlebe die moderne Landwirtschaft.<br>Unsere Angebote sind:<br>&#8211; Hoffevents wie KnutZfest oder Willis-Wissens-Wanderung<br>&#8211; Kartoffelpatenschaft&nbsp;<br>&#8211; individuelle Weinproben und -wanderungen<br>&#8211; Kindergeburtstag mit Bauernhofolympiade<br>&#8211; \u00dcbernachten am Hof mit Landvergn\u00fcgen und Hinterland<\/p>\n<\/div>\n\n\n\n<div class=\"wp-block-uagb-container uagb-block-73d5acb9\"><\/div>\n<\/div>\n\n\n\n<p><\/p>\n","protected":false},"excerpt":{"rendered":"<p>Gasthaus zum Dorfkrug Genie\u00dfen Sie hier gute b\u00fcrgerliche K\u00fcche in herzlicher Atmosph\u00e4re. Ob deftige Klassiker in der rustikalen Gaststube oder [&hellip;]<\/p>\n","protected":false},"author":1,"featured_media":0,"parent":0,"menu_order":0,"comment_status":"closed","ping_status":"closed","template":"","meta":{"_uag_custom_page_level_css":"","site-sidebar-layout":"default","site-content-layout":"","ast-site-content-layout":"default","site-content-style":"default","site-sidebar-style":"default","ast-global-header-display":"","ast-banner-title-visibility":"","ast-main-header-display":"","ast-hfb-above-header-display":"","ast-hfb-below-header-display":"","ast-hfb-mobile-header-display":"","site-post-title":"","ast-breadcrumbs-content":"","ast-featured-img":"","footer-sml-layout":"","ast-disable-related-posts":"","theme-transparent-header-meta":"","adv-header-id-meta":"","stick-header-meta":"","header-above-stick-meta":"","header-main-stick-meta":"","header-below-stick-meta":"","astra-migrate-meta-layouts":"default","ast-page-background-enabled":"default","ast-page-background-meta":{"desktop":{"background-color":"var(--ast-global-color-5)","background-image":"","background-repeat":"repeat","background-position":"center center","background-size":"auto","background-attachment":"scroll","background-type":"","background-media":"","overlay-type":"","overlay-color":"","overlay-opacity":"","overlay-gradient":""},"tablet":{"background-color":"","background-image":"","background-repeat":"repeat","background-position":"center center","background-size":"auto","background-attachment":"scroll","background-type":"","background-media":"","overlay-type":"","overlay-color":"","overlay-opacity":"","overlay-gradient":""},"mobile":{"background-color":"","background-image":"","background-repeat":"repeat","background-position":"center center","background-size":"auto","background-attachment":"scroll","background-type":"","background-media":"","overlay-type":"","overlay-color":"","overlay-opacity":"","overlay-gradient":""}},"ast-content-background-meta":{"desktop":{"background-color":"var(--ast-global-color-4)","background-image":"","background-repeat":"repeat","background-position":"center center","background-size":"auto","background-attachment":"scroll","background-type":"","background-media":"","overlay-type":"","overlay-color":"","overlay-opacity":"","overlay-gradient":""},"tablet":{"background-color":"var(--ast-global-color-4)","background-image":"","background-repeat":"repeat","background-position":"center center","background-size":"auto","background-attachment":"scroll","background-type":"","background-media":"","overlay-type":"","overlay-color":"","overlay-opacity":"","overlay-gradient":""},"mobile":{"background-color":"var(--ast-global-color-4)","background-image":"","background-repeat":"repeat","background-position":"center center","background-size":"auto","background-attachment":"scroll","background-type":"","background-media":"","overlay-type":"","overlay-color":"","overlay-opacity":"","overlay-gradient":""}},"footnotes":""},"class_list":["post-174","page","type-page","status-publish","hentry"],"uagb_featured_image_src":{"full":false,"thumbnail":false,"medium":false,"medium_large":false,"large":false,"1536x1536":false,"2048x2048":false},"uagb_author_info":{"display_name":"admin","author_link":"https:\/\/lettweiler.de\/index.php\/author\/admin\/"},"uagb_comment_info":0,"uagb_excerpt":"Gasthaus zum Dorfkrug Genie\u00dfen Sie hier gute b\u00fcrgerliche K\u00fcche in herzlicher Atmosph\u00e4re. Ob deftige Klassiker in der rustikalen Gaststube oder [&hellip;]","_links":{"self":[{"href":"https:\/\/lettweiler.de\/index.php\/wp-json\/wp\/v2\/pages\/174","targetHints":{"allow":["GET"]}}],"collection":[{"href":"https:\/\/lettweiler.de\/index.php\/wp-json\/wp\/v2\/pages"}],"about":[{"href":"https:\/\/lettweiler.de\/index.php\/wp-json\/wp\/v2\/types\/page"}],"author":[{"embeddable":true,"href":"https:\/\/lettweiler.de\/index.php\/wp-json\/wp\/v2\/users\/1"}],"replies":[{"embeddable":true,"href":"https:\/\/lettweiler.de\/index.php\/wp-json\/wp\/v2\/comments?post=174"}],"version-history":[{"count":14,"href":"https:\/\/lettweiler.de\/index.php\/wp-json\/wp\/v2\/pages\/174\/revisions"}],"predecessor-version":[{"id":447,"href":"https:\/\/lettweiler.de\/index.php\/wp-json\/wp\/v2\/pages\/174\/revisions\/447"}],"wp:attachment":[{"href":"https:\/\/lettweiler.de\/index.php\/wp-json\/wp\/v2\/media?parent=174"}],"curies":[{"name":"wp","href":"https:\/\/api.w.org\/{rel}","templated":true}]}}